e -5*r + 20 = 3*c, 3*c = f*r - 8 - 0. Let s(o) = -o**2 + 8*o - 2. Determine s(r).
14
Suppose -5 = 4*v - 2*o - 9, 4*o = 5*v - 8. Let w(k) = -k**2 + k - 19. Determine w(v).
-19
Let q(o) = o**3 - 38*o**2 - 85*o + 200. Let h be q(40). Let v(r) = 2*r + 1. Give v(h).
1
Let u(f) = -2*f**2 + 0 - 3 - f**3 + 2 + f + 5*f**2. Let x(r) = -r - 7. Let p be x(-8). Let l = 1 + p. Give u(l).
5
Let z(t) = 3*t**3 + 5*t**2 + 3*t + 2. Let r be z(-1). Let x(s) = 16*s**3 - s**2 - s + 1. Give x(r).
15
Let j(o) = -4*o - 7. Let n be j(-3). Let l be 2/2 + 15/n. Let f(q) = q + 1. Give f(l).
5
Suppose -3*j + 15 = 2*j. Let h = j + -6. Let l be 0*h/(2 - -1). Let v(s) = s**3 + s - 9. Give v(l).
-9
Let s be 4/20 - (-9)/5. Suppose -2*k = -s*a + 6, -5*a = -3*k - 16 + 1. Let b(f) = f**3 - 3*f**2 + 2*f + 4. Give b(a).
10
Let c(y) = -17*y**2 + 15*y**2 - 6 + 2 - 9 - 14*y. Calculate c(-6).
-1
Let w(v) = -104 - 7*v + v**2 + 39 + 32 + 36. Give w(7).
3
Let g(d) = 31*d**2 - 10*d + 2. Let k(o) = 11*o**2 - 3*o + 1. Let l(j) = 6*g(j) - 17*k(j). Calculate l(-8).
3
Let t(x) be the third derivative of x**4/12 + x**3/6 + 150*x**2. Calculate t(9).
19
Suppose -3*k + 0 = -36. Suppose 3*s - 3 - k = 0. Let q(o) = 104 - o**3 + 4*o**2 - 98 + o**2. Determine q(s).
6
Let c(i) = -i + 3. Let k be c(-4). Suppose 4*m - 24 = -2*f, 2*f - 2*m - 27 = -k*m. Let t(h) = -35*h - h**2 + 73*h - 32*h + 7. Calculate t(f).
7
Suppose 15 = -22*i + 15. Let q(b) = -b**2 - b - 7. Determine q(i).
-7
Let v = 5 - 5. Suppose v = -2*u + 3*b + 10, 3*u - 3*b = -b + 10. Let a be u/(-4) + 26/4. Let q(d) = d - 3. What is q(a)?
3
Let n = -4 + 3. Let g be (3 + -2)/(n/(-5)). Let d(j) = -j - 2. Determine d(g).
-7
Let m(r) be the third derivative of -r**6/120 + r**5/4 - r**4/2 - 31*r**3/6 + 15*r**2. Let l be m(14). Let u(o) = -3*o - 3. Give u(l).
6
Let y(b) = 4*b**3 - 9*b**2 + 2*b + 2. Let x(q) = 3*q**3 - 8*q**2 + 3*q + 3. Let u(h) = 3*x(h) - 2*y(h). Suppose -2 = -4*c + 10. Let r = 2 + c. Calculate u(r).
5
Let c(o) = 8*o + 1. Let h(k) = 8*k + 6. Let x(j) = -2*c(j) + h(j). Determine x(-2).
20
Let w = -4 + 10. Let c be w/(-21) + 132/21. Let m(g) = 2*g - 7. Calculate m(c).
5
Let n(f) = -6*f**3 + f. Let p = 31 + -32. Let d be n(p). Let a(o) = -o**2 + 2*o + 2. Determine a(d).
-13
Let v(d) be the second derivative of -d**4/12 - d**3/6 + d**2/2 - 2*d + 47. Calculate v(5).
-29
Let o(j) be the third derivative of -j**4/24 - j**2. Suppose 4*w - 4 = -5*m, 4*w = 2*m + 29 + 3. Determine o(m).
4
Let q(u) = -46*u + 1. Let d(o) = -2*o**3 - 3*o**2 - 7*o - 5. Let s be d(-1). Calculate q(s).
-45
Let g(w) = -w**2 + 18*w - 6. Let b be g(17). Let q(n) = 7 + 15*n - b*n - 3*n. What is q(-9)?
-2
Let m(r) = 13*r + 1. Let v(z) = 3*z + 3. Let h(k) = 10*k + 10. Let s(t) = 2*h(t) - 7*v(t). Let w(x) = m(x) + 2*s(x). Suppose 37*j - 37 + 0 = 0. Give w(j).
10
Suppose -2*k = -2*j - 8, 0 = -j - 2*j - 6. Let n(y) = -48*y + 101*y - 3*y**2 - 50*y. Calculate n(k).
-6
Let r = -1634 + 1643. Let m(b) be the first derivative of -b**2/2 + 2*b + 1. Give m(r).
-7
Let l(d) = -2*d**2 + 2*d + 1. Let k(p) = -6*p**2 + 7*p + 3. Let u(w) = -2*k(w) + 7*l(w). Let j(m) be the first derivative of u(m). What is j(-1)?
4
Suppose 11*r = 13*r - 6. Suppose -r*q + 4*q = k + 7, 5*q - 41 = 2*k. Let c(t) = t**3 - 9*t**2 - 4. Calculate c(q).
-4
Suppose -2*q + 2*x = -x, -2*q = -5*x. Suppose 0*w + w + 5 = q, 0 = 5*o - w + 15. Let u(m) = m**3 + 4*m**2 - m + 2. What is u(o)?
6
Let a(z) = z**3 + z - 4. Let h be 1 - (0 + -1) - (0 + 0). Suppose 2 = 3*c + u, -3*c + h*u = -4*c + 4. Calculate a(c).
-4
Let p(j) = -j - 2. Suppose 5*l = 8*l. Let b be (3/(-3)*l)/(-1). Suppose 3*s + b*s - 9 = 0. Determine p(s).
-5
Let p = -17 + 21. Suppose 2*i + 4 = 0, 0 = p*l + 4*i + 4. Let r(a) = 5*a - 6*a + 3*a - 3*a + l. Determine r(-5).
6
Let b(k) = k - 11. Let q(o) = -o + 11. Let c(u) = 5*b(u) + 4*q(u). Determine c(9).
-2
Let z = -21 + 24. Let u(n) = -5*n - 13. Let s(o) = -o - 3. Let c(q) = -9*s(q) + 2*u(q). What is c(z)?
-2
Let o(w) be the third derivative of w**4/6 + 8*w**3/3 + 5*w**2. Let b(c) = c + 5. Let y(r) = -7*b(r) + 2*o(r). Let g be (6/(-4))/(-3)*-8. Give y(g).
-7
Suppose 4*v = 5*g - 27, 19 = 4*g + 4*v - 17. Let d(u) be the first derivative of -u**2/2 + 4*u + 1. Calculate d(g).
-3
Let o(y) be the second derivative of -y**6/120 - y**5/20 + y**4/24 - y**2/2 + 2*y. Let z(f) be the first derivative of o(f). Let g = 396 - 399. Calculate z(g).
-3
Let y(z) = -5*z + 4. Let u(w) = -w**3 - 7*w**2 + 6*w - 10. Suppose -4*t + 0*t + 16 = 0, 2*t = o + 16. Let n be u(o). What is y(n)?
-26
Let g(r) = r**2 + 13*r + 27. Let t(y) = 2*y**2 + 14*y + 26. Let k(z) = -3*g(z) + 2*t(z). Give k(13).
-3
Suppose -13 + 4 = -3*u. Let t(m) be the second derivative of -5*m**3/6 + 2*m**2 - 1088*m. Calculate t(u).
-11
Suppose f - 9 + 6 = 0. Let k(m) = 6*m**2 + 0*m**3 + 2*m**f + 0*m**2 - 4*m**2 - 1. Suppose -o = 3*z + 2*z + 4, 4*o - 5*z - 9 = 0. Give k(o).
3
Let m(o) be the third derivative of -o**5/60 + o**4/4 - 5*o**3/6 + 7*o**2. Let k be m(2). Let g(n) = -n**2 + 5*n - 4. Calculate g(k).
2
Suppose -2 + 17 = 3*o. Let j be (o + -4)*-3 + 1. Let g(a) be the third derivative of -a**6/120 - a**5/15 - a**4/24 - a**3/6 - a**2. What is g(j)?
-7
Let s(i) be the second derivative of -i**4/12 - i**3/6 + i**2 + i. Suppose 0 = 4*p + q + 129, 3*p - 3*q + 109 = -p. Let b = p - -29. Give s(b).
0
Let w = 590 + -600. Let v(u) = -u - 15. Determine v(w).
-5
Let q(g) = 3*g + 1. Suppose 4*o = -x - 16, x - 4*o + 7 - 31 = 0. Let y be 2/2 + (1 - -2). Suppose x = y*u - 8. What is q(u)?
10
Let v(j) = j**3 + 4*j**2 + j. Let i be v(-2). Let c(l) = 3*l. Let s(u) = 2*u. Let b = -3 + 2. Let z(h) = b*c(h) + 2*s(h). What is z(i)?
6
Let k(y) = 32*y**2 - 19*y**2 - 2*y**3 - 3 + 5 + 3*y**3. Give k(-13).
2
Let p be 2 + 0 + 5 + -3. Let c = 3 - p. Let h(l) be the first derivative of -l**4/2 - l**3/3 - l**2 - l - 8. Determine h(c).
2
Suppose 0*n + 28 = 4*n. Let a(s) = s - 1. Let w(m) = 2. Let z(v) = 9. Let l(f) = -4*w(f) + z(f). Let y(u) = -a(u) - l(u). Calculate y(n).
-7
Let a(p) = -p**2 - 5*p - 3. Let f = -91 - -101. Suppose 4*k + 2*q + f = 0, -k - 5*q + 8 + 3 = 0. Calculate a(k).
1
Let j(l) = l**3 + 3*l**2 - 6*l - 6. Let n(r) be the first derivative of r**2/2 - 8*r - 14. Let u be n(4). What is j(u)?
2
Let y = -74 + 84. Let r(v) = -8*v**2 - y*v + v + 2*v + 7 + 10*v**2. What is r(5)?
22
Let y be 2 - (3/1 - 1). Suppose 5 = 5*u - 3*u - k, y = 3*u + 2*k - 4. Let i(x) = 4*x**2 - 1 - x**2 - 2*x**u. Give i(-4).
15
Let g(i) = 2*i - 3. Let x be (-1 + -43*1)*(-9)/12. Let k = -30 + x. Give g(k).
3
Suppose -k + 4 = 2, 5*k = 2*s + 6. Let j(t) = t**3 + 4 - s + 6*t - 6 + 8*t**2. Determine j(-7).
3
Let n(a) be the second derivative of -a**5/20 - a**4/12 - a**3/6 - 3*a**2/2 - a. Let y = 114 - 58. Let w = -56 + y. Give n(w).
-3
Let b(f) = 9 - 12*f + 10*f + 3*f. Let l be (-3 + 0)/1 + -7 + 4. Determine b(l).
3
Let u(b) be the second derivative of -b**5/20 - 11*b**4/12 + b**3/6 + 13*b**2/2 - 9*b - 2. What is u(-11)?
2
Let k(f) = -4 - f + 4 - 4 - 7*f**2. Let y(h) = -20*h**2 - 3*h - 11. Let p(q) = -11*k(q) + 4*y(q). Let a = -3 - -4. Give p(a).
-4
Let z(v) = -5*v**3 - 13*v**2 - 2*v - 11. Let c(r) = r**3 + r**2 + 1. Let i be -3 + 3 + (1 - -1)/(-2). Let q(n) = i*z(n) - 6*c(n). Determine q(7).
19
Let n(v) = -v**3 + 3*v**2 + 12*v + 1. Let z be n(5). Suppose -5*h + 14 = -z. Let d(a) = -3*a + 6 + 4*a - 2*a**2 - 2*a**2 + h*a**2. Determine d(0).
6
Let i(u) = u**3 + 3*u**2 + u - 1. Let w(j) = j**3 + 6*j**2 - 7*j - 44. Let p be w(-6). Determine i(p).
1
Let t(w) be the second derivative of 3*w**2 + 1/12*w**4 + 7/6*w**3 + 0 - 2*w. Determine t(-7).
6
Let z(p) = p + 1. Let b(k) = -4*k + 1 + 4 - k**2 + 0*k. Let o be b(-4). Let j = -5 + o. What is z(j)?
1
Let i(n) = -3*n**2 - 5*n - 4. Let f(o) = -o**2. Let w(y) = -f(y) + i(y). Let r be (8/(112/(-91)))/((-1)/2). Suppose 21 = 6*q - r*q. What is w(q)?
-7
Suppose 6 = 4*s - 14. Let m(z) = -10*z**3 + 22*z**2 + z + 2. Let u(y) = 3*y**3 - 7*y**2 - 1. Let k(g) = 2*m(g) + 7*u(g). What is k(s)?
7
Let m(r) = r - 6 + 0*r - r**3 - 4*r**2 - 4*r. Let c = 1053 + -1057. Determine m(c).
6
Let b be (0 - 2/(-4))*36. Suppose -d - 23 = -b. Let l(r) = r**3 + 4*r**2 - 4*r + 4. Calculate l(d).
-1
Let o = 207 - 199. Let u(c) = -c**2 + 10*c - 5. Give u(o).
11
Let o = -4 + 8. Let v be o + 3*(-3)/3. Let y(x) =